ivide 18102994?
False
Does 3 divide 1294929?
True
Is 11640595 a multiple of 17?
False
Is 2390183020 a multiple of 10?
True
Is 57876794 a multiple of 157?
True
Is 2728097883 a multiple of 6?
False
Is 10662181 a multiple of 2216?
False
Does 34 divide 265405904?
True
Is 131666751 a multiple of 17?
True
Does 140 divide 89076838?
False
Is 22478148 a multiple of 324?
True
Does 9 divide 327713823?
True
Is 10951559 a multiple of 453?
False
Does 5 divide 470247040?
True
Is 21397857 a multiple of 2613?
True
Does 98 divide 32041704?
False
Does 17 divide 69380954?
False
Is 4148924447 a multiple of 16?
False
Does 108 divide 2380898016?
True
Is 1587 a factor of 6595572?
True
Does 3123 divide 1593473274?
True
Is 978 a factor of 508712310?
False
Is 9 a factor of 199167669?
True
Is 43196649 a multiple of 2304?
False
Does 6133 divide 2781146591?
False
Does 3 divide 1560471131?
False
Is 349137342 a multiple of 498?
True
Is 10 a factor of 1201845652?
False
Is 58 a factor of 783764092?
True
Does 1138 divide 192322?
True
Does 460 divide 233479440?
True
Is 70683784 a multiple of 17?
False
Is 365 a factor of 8443545?
True
Is 228075979 a multiple of 211?
False
Does 82 divide 382058136?
False
Does 999 divide 351597221?
False
Does 80 divide 3335760?
True
Is 42 a factor of 887889309?
False
Is 3324893 a multiple of 11?
True
Does 690 divide 9399180?
True
Does 4662 divide 233122345?
False
Is 122574108 a multiple of 1126?
True
Is 9 a factor of 1422471?
False
Is 370905892 a multiple of 14?
True
Is 255636837 a multiple of 7?
False
Is 239030212 a multiple of 10?
False
Does 27 divide 13941963?
True
Is 990675108 a multiple of 6?
True
Is 1823 a factor of 56332523?
True
Does 1085 divide 263952131?
False
Is 26330668 a multiple of 1524?
False
Is 86 a factor of 51326520?
True
Is 960071 a multiple of 65?
False
Is 57 a factor of 14256917?
False
Does 28 divide 5540034?
False
Does 161 divide 2803064901?
True
Does 5 divide 374499001?
False
Is 100480472 a multiple of 1309?
False
Does 17 divide 60034395?
True
Does 2707 divide 1528961036?
False
Is 14 a factor of 66446752?
False
Is 36 a factor of 1592712900?
True
Does 554 divide 289671189?
False
Does 969 divide 5727505668?
False
Does 410 divide 30619620?
True
Does 514 divide 39739910?
True
Does 60 divide 405278988?
False
Does 3091 divide 1715563729?
True
Is 207 a factor of 206897566?
False
Is 13 a factor of 1008122257?
False
Is 167232384 a multiple of 7?
False
Is 164393190 a multiple of 1230?
True
Does 23 divide 49152219?
True
Does 1433 divide 501163090?
True
Is 14824650 a multiple of 345?
True
Does 2022 divide 132394494?
True
Does 2736 divide 80837856?
True
Is 9 a factor of 214033225?
False
Is 7 a factor of 46714753?
False
Is 3561 a factor of 1270908923?
False
Is 1354 a factor of 276338092?
False
Is 64069053 a multiple of 267?
True
Does 707 divide 363070881?
False
Does 315 divide 174038485?
False
Is 61 a factor of 138037119?
False
Is 4875611 a multiple of 76?
False
Does 6004 divide 393386873?
False
Does 39 divide 598370?
False
Does 19 divide 17104131?
False
Is 762 a factor of 9253615?
False
Does 7 divide 78839782?
True
Does 35 divide 8424116?
False
Does 921 divide 1912745694?
True
Is 58727987 a multiple of 16?
False
Is 12 a factor of 2878116?
True
Does 137 divide 5820708?
False
Does 268 divide 36464348?
True
Is 16 a factor of 97854811?
False
Is 136871681 a multiple of 59?
True
Does 34 divide 9794037?
False
Is 2098 a factor of 89377866?
False
Is 743 a factor of 1705603309?
True
Is 1065380940 a multiple of 26?
True
Is 16783921 a multiple of 539?
True
Is 4 a factor of 83296?
True
Is 91261573 a multiple of 13?
True
Is 47 a factor of 46093323?
True
Does 6 divide 98952359?
False
Does 5998 divide 1459223430?
True
Is 796 a factor of 39465167?
False
Does 1639 divide 104794382?
True
Is 208 a factor of 31437120?
True
Is 4024272 a multiple of 48?
True
Does 47 divide 36384251?
True
Is 10 a factor of 24532140?
True
Does 22 divide 46285133?
False
Does 361 divide 1082842978?
False
Is 74514805 a multiple of 44?
False
Is 1241059377 a multiple of 3502?
False
Is 1069 a factor of 215192674?
False
Is 1071 a factor of 221495119?
False
Does 2125 divide 614605250?
True
Is 142 a factor of 36505360?
True
Is 2956 a factor of 191871004?
True
Is 657575654 a multiple of 5?
False
Does 144 divide 1112350656?
False
Is 883951750 a multiple of 127?
True
Is 1098598506 a multiple of 57?
True
Is 173 a factor of 1110800875?
False
Is 141895722 a multiple of 6?
True
Is 136188156 a multiple of 34?
True
Is 1423453860 a multiple of 1572?
True
Does 7 divide 13952621?
False
Is 928741331 a multiple of 197?
True
Does 191 divide 22132125?
True
Does 684 divide 599396724?
True
Does 60 divide 139732775?
False
Is 1616 a factor of 203257248?
True
Is 469 a factor of 673534183?
True
Does 51 divide 57014685?
True
Does 852 divide 57026916?
True
Is 729 a factor of 54151110?
False
Is 6 a factor of 225053728?
False
Is 759 a factor of 22818406?
False
Is 6893 a factor of 1052085174?
False
Is 240 a factor of 823329600?
True
Is 80 a factor of 3137849731?
False
Is 377233350 a multiple of 8450?
True
Does 2742 divide 561086943?
False
Is 1086 a factor of 2689656?
False
Is 20 a factor of 140483500?
True
Is 44112557 a multiple of 14?
False
Is 136 a factor of 30792360?
False
Does 12 divide 9787392?
True
Is 2356 a factor of 102375670?
False
Does 950 divide 39937593?
False
Is 358243195 a multiple of 487?
False
Does 4 divide 18514500?
True
Is 10626203 a multiple of 821?
True
Is 74 a factor of 36858512?
True
Does 3 divide 518485086?
True
Is 260376486 a multiple of 2018?
True
Is 7 a factor of 155632770?
False
Is 8463378 a multiple of 7?
True
Is 73852386 a multiple of 17?
True
Is 12 a factor of 156586395?
False
Does 19 divide 325668075?
True
Is 1897 a factor of 18757536?
True
Is 322 a factor of 24546348?
False
Does 7 divide 8666504?
True
Is 2451 a factor of 238292684?
False
Is 286073937 a multiple of 6?
False
Is 2200738797 a multiple of 9569?
False
Does 10 divide 108350270?
True
Does 42 divide 220881267?
False
Is 186745418 a multiple of 8?
False
Is 2486 a factor of 40944420?
True
Is 65 a factor of 2803932406?
False
Is 40 a factor of 912062720?
True
Does 115 divide 313475625?
True
Does 1216 divide 38713792?
True
Is 36679649 a multiple of 4?
False
Is 660768214 a multiple of 280?
False
Is 224697931 a multiple of 90?
False
Does 1612 divide 397533158?
False
Is 215 a factor of 2176548415?
True
Is 663393528 a multiple of 126?
True
Does 224 divide 2480646029?
False
Is 3643 a factor of 190317606?
True
Is 48872979 a multiple of 2280?
False
Does 10 divide 352480?
True
Does 37 divide 1193361?
True
Is 12 a factor of 44255698?
False
Is 42 a factor of 54692461?
False
Does 12 divide 248473914?
False
Does 20 divide 3096040?
True
Does 1161 divide 78022683?
True
Does 5912 divide 794655568?
True
Is 40366481 a multiple of 276?
False
Is 6 a factor of 507897981?
False
Does 12 divide 227855203?
False
Is 40 a factor of 45918320?
True
Does 2768 divide 1400145744?
True
Is 1005 a factor of 259794510?
True
Does 15 divide 1087926720?
True
Does 4271 divide 209982159?
False
Is 349649904 a multiple of 53?
True
Does 549 divide 20991564?
True
Is 236 a factor of 4564004?
True
Is 410 a factor of 4283984630?
True
Is 100921975 a multiple of 25?
True
Is 317 a factor of 617478643?
False
Does 932 divide 3112548208?
True
Is 51918622 a multiple of 18?
False
Is 185 a factor of 30356428?
False
Does 38 divide 129640250?
False
Does 17 divide 1809020218?
True
Is 37 a factor of 477895380?
False
Is 13197361 a multiple of 12?
False
Is 83965975 a multiple of 1800?
False
Does 138 divide 3216966500?
False
Is 32036593 a multiple of 2?
False
Is 5005 a factor of 30965935?
True
Does 4 divide 20036729?
False
Does 1099 divide 542671321?
False
Is 701253134 a multiple of 9177?
False
Does 9 divide 571542504?
False
Is 1918819 a multiple of 6?
False
Does 34 divide 10428378?
True
Does 37 divide 26318513?
False
Is 23870098 a multiple of 6?
False
Does 6 divide 705009660?
True
Does 2169 divide 69206283?
True
Is 41853565 a multiple of 13?
True
Is 141074610 a multiple of 1133?
False
Does 222 divide 1011214218?
True
Does 7863 divide 1212545367?
True
Is 3376274953 a multiple of 53?
True
Does 218 divide 677887350?
True
Does 892 divide 2387126692?
True
Is 198 a factor of 123705394?
False
D